{"id":103,"date":"2020-04-25T18:00:57","date_gmt":"2020-04-25T16:00:57","guid":{"rendered":"http:\/\/www.perfectible.de\/?page_id=103"},"modified":"2023-02-10T11:47:05","modified_gmt":"2023-02-10T10:47:05","slug":"ueber-mich","status":"publish","type":"page","link":"https:\/\/www.perfectible.de\/index.php\/ueber-mich\/","title":{"rendered":"\u00dcber mich"},"content":{"rendered":"\t\t<div data-elementor-type=\"wp-page\" data-elementor-id=\"103\" class=\"elementor elementor-103\">\n\t\t\t\t\t\t<div class=\"elementor-inner\">\n\t\t\t\t<div class=\"elementor-section-wrap\">\n\t\t\t\t\t\t\t\t\t<section class=\"elementor-section elementor-top-section elementor-element elementor-element-1d422e1 elementor-section-boxed elementor-section-height-default elementor-section-height-default\" data-id=\"1d422e1\" data-element_type=\"section\">\n\t\t\t\t\t\t<div class=\"elementor-container elementor-column-gap-default\">\n\t\t\t\t\t\t\t<div class=\"elementor-row\">\n\t\t\t\t\t<div class=\"elementor-column elementor-col-100 elementor-top-column elementor-element elementor-element-04aa9e3\" data-id=\"04aa9e3\" data-element_type=\"column\">\n\t\t\t<div class=\"elementor-column-wrap elementor-element-populated\">\n\t\t\t\t\t\t\t<div class=\"elementor-widget-wrap\">\n\t\t\t\t\t\t<div class=\"elementor-element elementor-element-dfd960b elementor-widget elementor-widget-image\" data-id=\"dfd960b\" data-element_type=\"widget\" data-widget_type=\"image.default\">\n\t\t\t\t<div class=\"elementor-widget-container\">\n\t\t\t\t\t\t\t\t<div class=\"elementor-image\">\n\t\t\t\t\t\t\t\t\t\t\t\t<img decoding=\"async\" width=\"209\" height=\"300\" src=\"https:\/\/www.perfectible.de\/wp-content\/uploads\/2019\/01\/KleinAndrea50221-96-209x300.jpg\" class=\"attachment-medium size-medium\" alt=\"\" loading=\"lazy\" srcset=\"https:\/\/www.perfectible.de\/wp-content\/uploads\/2019\/01\/KleinAndrea50221-96-209x300.jpg 209w, https:\/\/www.perfectible.de\/wp-content\/uploads\/2019\/01\/KleinAndrea50221-96-768x1101.jpg 768w, https:\/\/www.perfectible.de\/wp-content\/uploads\/2019\/01\/KleinAndrea50221-96-714x1024.jpg 714w, https:\/\/www.perfectible.de\/wp-content\/uploads\/2019\/01\/KleinAndrea50221-96-830x1190.jpg 830w, https:\/\/www.perfectible.de\/wp-content\/uploads\/2019\/01\/KleinAndrea50221-96-230x330.jpg 230w, https:\/\/www.perfectible.de\/wp-content\/uploads\/2019\/01\/KleinAndrea50221-96-350x502.jpg 350w, https:\/\/www.perfectible.de\/wp-content\/uploads\/2019\/01\/KleinAndrea50221-96-480x688.jpg 480w, https:\/\/www.perfectible.de\/wp-content\/uploads\/2019\/01\/KleinAndrea50221-96.jpg 1087w\" sizes=\"(max-width: 209px) 100vw, 209px\" \/>\t\t\t\t\t\t\t\t\t\t\t\t\t\t<\/div>\n\t\t\t\t\t\t<\/div>\n\t\t\t\t<\/div>\n\t\t\t\t\t\t<\/div>\n\t\t\t\t\t<\/div>\n\t\t<\/div>\n\t\t\t\t\t\t\t\t<\/div>\n\t\t\t\t\t<\/div>\n\t\t<\/section>\n\t\t\t\t<section class=\"elementor-section elementor-top-section elementor-element elementor-element-f9bff43 elementor-section-boxed elementor-section-height-default elementor-section-height-default\" data-id=\"f9bff43\" data-element_type=\"section\">\n\t\t\t\t\t\t<div class=\"elementor-container elementor-column-gap-default\">\n\t\t\t\t\t\t\t<div class=\"elementor-row\">\n\t\t\t\t\t<div class=\"elementor-column elementor-col-100 elementor-top-column elementor-element elementor-element-7232b767\" data-id=\"7232b767\" data-element_type=\"column\">\n\t\t\t<div class=\"elementor-column-wrap elementor-element-populated\">\n\t\t\t\t\t\t\t<div class=\"elementor-widget-wrap\">\n\t\t\t\t\t\t<div class=\"elementor-element elementor-element-1d1c422d elementor-widget elementor-widget-text-editor\" data-id=\"1d1c422d\" data-element_type=\"widget\" data-widget_type=\"text-editor.default\">\n\t\t\t\t<div class=\"elementor-widget-container\">\n\t\t\t\t\t\t\t\t<div class=\"elementor-text-editor elementor-clearfix\">\n\t\t\t\t<p><!-- wp:spacer {\"height\":20} --><\/p>\n<div class=\"wp-block-spacer\" style=\"height: 20px;\" aria-hidden=\"true\">\u00a0<\/div>\n<p><!-- \/wp:spacer --><!-- wp:paragraph {\"style\":{\"typography\":{\"fontSize\":18}}} --><\/p>\n<p style=\"font-size: 18px;\">Es ist mein Ziel, Menschen in ihrer Entwicklung und ihrem Denken zu unterst\u00fctzen, so dass sie mit Freude wissenschaftlich arbeiten und forschen k\u00f6nnen.<\/p>\n<p><!-- \/wp:paragraph --><!-- wp:paragraph {\"style\":{\"typography\":{\"fontSize\":18}}} --><\/p>\n<p style=\"font-size: 18px;\"><a href=\"https:\/\/www.perfectible.de\/index.php\/startseite\/hochschulen\/\">Hochschulen<\/a> helfe ich dabei, die Lehrveranstaltung \u201eWissenschaftliches Arbeiten\u201c sinnvoll in das Curriculum zu integrieren. Mit\u00a0<a href=\"https:\/\/www.perfectible.de\/index.php\/lehrende\/\" target=\"_blank\" rel=\"noopener\">Lehrenden<\/a>\u00a0erarbeite ich, wie sie mit ihren Studierenden arbeiten k\u00f6nnen.\u00a0<a href=\"https:\/\/www.perfectible.de\/index.php\/studierende\/\" target=\"_blank\" rel=\"noopener\">Studierende<\/a>\u00a0aller Erfahrungsstufen begleite ich in ihrem Schreib- und Forschungsprozess. Meine Arbeit findet online, offline oder als Mix von beidem statt, sie geschieht in Gruppen und einzeln. Aufgrund meiner langj\u00e4hrigen Erfahrung wei\u00df ich, was in welcher Situation funktionieren kann und was nicht.<\/p>\n<p><!-- \/wp:paragraph --><!-- wp:paragraph {\"style\":{\"typography\":{\"fontSize\":18}}} --><\/p>\n<p style=\"font-size: 18px;\">In meinen B\u00fcchern und Blogartikeln gebe ich viel von meinem Wissen weiter. Immer dabei: das Herz &#8211; verstanden als Empathie und Wohlwollen. Mein professionelles Selbstverst\u00e4ndnis l\u00e4sst sich auf zwei sehr grundlegende Annahmen zur\u00fcckf\u00fchren:<\/p>\n<p><!-- \/wp:paragraph --><!-- wp:list --><\/p>\n<ul>\n<li>Menschen wollen lernen und sich entwickeln.<\/li>\n<li>Entwicklung passiert durch Akzeptanz und Konfrontation (\u201eA+K=E\u201c nach Schulz von Thun).<\/li>\n<\/ul>\n<p><!-- \/wp:list --><!-- wp:paragraph --><\/p>\n<p><!-- \/wp:paragraph --><!-- wp:paragraph {\"style\":{\"typography\":{\"fontSize\":18}}} --><\/p>\n<p style=\"font-size: 18px;\">Zum Herz gesellt sich also bisweilen Offenheit und eine gewisse Schonungslosigkeit \u2013 da m\u00fcssen Sie durch. Das wissenschaftliche Arbeiten habe ich mir durch \u201elearning by doing\u201c erschlossen. Studiert habe ich Anglistik, Politikwissenschaft und Psychologie, promoviert habe ich schlie\u00dflich in der BWL. So konnte ich Gemeinsamkeiten und Unterschiede kennenlernen, auch wenn mich das damals noch nicht sonderlich interessiert hat. Beruflich bin ich nach einem Schlenker in die bunte Welt der PR schnell wieder an der Hochschule und in der Lehre gelandet. Die gro\u00dfe Fachkarriere habe ich nie gemacht. Sinnvoller erschien es mir im Lauf der Zeit, mich dem wissenschaftlichen Arbeiten zu widmen, das alle F\u00e4cher verbindet. Das halte ich f\u00fcr einen guten Hebel, um anderen Menschen bei der Verwirklichung ihrer Ziele zu helfen.<\/p>\n<p><!-- \/wp:paragraph --><!-- wp:paragraph {\"style\":{\"typography\":{\"fontSize\":18}}} --><\/p>\n<p style=\"font-size: 18px;\">In unserer Zusammenarbeit werden Sie schnell merken, wie gern ich fr\u00fch aufstehe. Da erhalten Sie eine E-Mail, w\u00e4hrend Sie noch selig schlummern. Wenn Sie mir bei unserer gemeinsamen Arbeit vor Ort einen Earl Grey mit Milch und Zucker anbieten, verstehen wir uns gleich noch einmal so gut. Beim Essen w\u00e4hle ich immer gern die Variante mit Knoblauch. Falls Sie das st\u00f6rt, arbeiten wir am besten online miteinander.<\/p>\n<p><!-- \/wp:paragraph --><!-- wp:paragraph {\"style\":{\"typography\":{\"fontSize\":18}}} --><\/p>\n<p style=\"font-size: 18px;\">Earl Grey oder Knoblauch? Ich bin gespannt auf Ihre Entscheidung. Sie erreichen mich pers\u00f6nlich unter <a href=\"mailto:andrea.klein@wissenschaftliches-arbeiten-lehren.de\">andrea.klein@wissenschaftliches-arbeiten-lehren.de<\/a>.<\/p>\n<p><!-- \/wp:list --><!-- wp:block {\"ref\":379} \/--><\/p>\t\t\t\t\t<\/div>\n\t\t\t\t\t\t<\/div>\n\t\t\t\t<\/div>\n\t\t\t\t\t\t<\/div>\n\t\t\t\t\t<\/div>\n\t\t<\/div>\n\t\t\t\t\t\t\t\t<\/div>\n\t\t\t\t\t<\/div>\n\t\t<\/section>\n\t\t\t\t<section class=\"elementor-section elementor-top-section elementor-element elementor-element-4e063fb elementor-section-boxed elementor-section-height-default elementor-section-height-default\" data-id=\"4e063fb\" data-element_type=\"section\">\n\t\t\t\t\t\t<div class=\"elementor-container elementor-column-gap-default\">\n\t\t\t\t\t\t\t<div class=\"elementor-row\">\n\t\t\t\t\t<div class=\"elementor-column elementor-col-100 elementor-top-column elementor-element elementor-element-d425ae1\" data-id=\"d425ae1\" data-element_type=\"column\">\n\t\t\t<div class=\"elementor-column-wrap elementor-element-populated\">\n\t\t\t\t\t\t\t<div class=\"elementor-widget-wrap\">\n\t\t\t\t\t\t<div class=\"elementor-element elementor-element-3fa5427 elementor-widget elementor-widget-text-editor\" data-id=\"3fa5427\" data-element_type=\"widget\" data-widget_type=\"text-editor.default\">\n\t\t\t\t<div class=\"elementor-widget-container\">\n\t\t\t\t\t\t\t\t<div class=\"elementor-text-editor elementor-clearfix\">\n\t\t\t\t<ul>\n<li><a href=\"https:\/\/www.perfectible.de\/wp-content\/uploads\/2020\/09\/CV-Dr-Andrea-Klein-Oktober-2020.pdf\" target=\"_blank\" rel=\"noopener\">CV \/ Stationen<\/a><\/li>\n<li><a href=\"https:\/\/www.perfectible.de\/index.php\/netzwerke\/\" target=\"_blank\" rel=\"noopener\">Netzwerke<\/a><\/li>\n<\/ul>\t\t\t\t\t<\/div>\n\t\t\t\t\t\t<\/div>\n\t\t\t\t<\/div>\n\t\t\t\t\t\t<\/div>\n\t\t\t\t\t<\/div>\n\t\t<\/div>\n\t\t\t\t\t\t\t\t<\/div>\n\t\t\t\t\t<\/div>\n\t\t<\/section>\n\t\t\t\t<section class=\"elementor-section elementor-top-section elementor-element elementor-element-6af05e7 elementor-section-boxed elementor-section-height-default elementor-section-height-default\" data-id=\"6af05e7\" data-element_type=\"section\">\n\t\t\t\t\t\t<div class=\"elementor-container elementor-column-gap-default\">\n\t\t\t\t\t\t\t<div class=\"elementor-row\">\n\t\t\t\t\t<div class=\"elementor-column elementor-col-100 elementor-top-column elementor-element elementor-element-f9a6170\" data-id=\"f9a6170\" data-element_type=\"column\">\n\t\t\t<div class=\"elementor-column-wrap elementor-element-populated\">\n\t\t\t\t\t\t\t<div class=\"elementor-widget-wrap\">\n\t\t\t\t\t\t<div class=\"elementor-element elementor-element-fe08912 elementor-widget elementor-widget-image\" data-id=\"fe08912\" data-element_type=\"widget\" data-widget_type=\"image.default\">\n\t\t\t\t<div class=\"elementor-widget-container\">\n\t\t\t\t\t\t\t\t<div class=\"elementor-image\">\n\t\t\t\t\t\t\t\t\t\t\t\t\t<a href=\"https:\/\/www.perfectible.de\/\">\n\t\t\t\t\t\t\t<img decoding=\"async\" width=\"150\" height=\"150\" src=\"https:\/\/www.perfectible.de\/wp-content\/uploads\/2020\/09\/Logo_ohne-alles-150x150.png\" class=\"attachment-thumbnail size-thumbnail\" alt=\"perfectible Logo\" loading=\"lazy\" \/>\t\t\t\t\t\t\t\t<\/a>\n\t\t\t\t\t\t\t\t\t\t\t\t\t\t<\/div>\n\t\t\t\t\t\t<\/div>\n\t\t\t\t<\/div>\n\t\t\t\t\t\t<\/div>\n\t\t\t\t\t<\/div>\n\t\t<\/div>\n\t\t\t\t\t\t\t\t<\/div>\n\t\t\t\t\t<\/div>\n\t\t<\/section>\n\t\t\t\t\t\t\t\t\t<\/div>\n\t\t\t<\/div>\n\t\t\t\t\t<\/div>\n\t\t","protected":false},"excerpt":{"rendered":"<p>Es ist mein Ziel, Menschen in ihrer Entwicklung und ihrem Denken zu unterst\u00fctzen, so dass sie mit Freude wissenschaftlich arbeiten und forschen k\u00f6nnen. Hochschulen helfe ich dabei, die Lehrveranstaltung \u201eWissenschaftliches Arbeiten\u201c sinnvoll in das Curriculum zu integrieren. Mit\u00a0Lehrenden\u00a0erarbeite ich, wie sie mit ihren Studierenden arbeiten k\u00f6nnen.\u00a0Studierende\u00a0aller Erfahrungsstufen begleite ich in ihrem Schreib- und Forschungsprozess. Meine [&hellip;]<\/p>\n","protected":false},"author":2,"featured_media":0,"parent":0,"menu_order":0,"comment_status":"closed","ping_status":"closed","template":"","meta":[],"yoast_head":"<!-- This site is optimized with the Yoast SEO plugin v20.12 - https:\/\/yoast.com\/wordpress\/plugins\/seo\/ -->\n<title>\u00dcber mich - perfectible Dr. Andrea Klein<\/title>\n<meta name=\"description\" content=\"Mein Ziel: Menschen in ihrer Entwicklung und ihrem Denken zu unterst\u00fctzen, so dass sie mit Freude wissenschaftlich arbeiten und forschen k\u00f6nnen.\" \/>\n<meta name=\"robots\" content=\"index, follow, max-snippet:-1, max-image-preview:large, max-video-preview:-1\" \/>\n<link rel=\"canonical\" href=\"https:\/\/www.perfectible.de\/index.php\/ueber-mich\/\" \/>\n<meta property=\"og:locale\" content=\"de_DE\" \/>\n<meta property=\"og:type\" content=\"article\" \/>\n<meta property=\"og:title\" content=\"\u00dcber mich - perfectible Dr. Andrea Klein\" \/>\n<meta property=\"og:description\" content=\"Mein Ziel: Menschen in ihrer Entwicklung und ihrem Denken zu unterst\u00fctzen, so dass sie mit Freude wissenschaftlich arbeiten und forschen k\u00f6nnen.\" \/>\n<meta property=\"og:url\" content=\"https:\/\/www.perfectible.de\/index.php\/ueber-mich\/\" \/>\n<meta property=\"og:site_name\" content=\"perfectible Dr. Andrea Klein\" \/>\n<meta property=\"article:modified_time\" content=\"2023-02-10T10:47:05+00:00\" \/>\n<meta property=\"og:image\" content=\"https:\/\/www.perfectible.de\/wp-content\/uploads\/2019\/01\/KleinAndrea50221-96-209x300.jpg\" \/>\n<meta name=\"twitter:card\" content=\"summary_large_image\" \/>\n<meta name=\"twitter:label1\" content=\"Gesch\u00e4tzte Lesezeit\" \/>\n\t<meta name=\"twitter:data1\" content=\"3\u00a0Minuten\" \/>\n<script type=\"application\/ld+json\" class=\"yoast-schema-graph\">{\"@context\":\"https:\/\/schema.org\",\"@graph\":[{\"@type\":\"WebPage\",\"@id\":\"https:\/\/www.perfectible.de\/index.php\/ueber-mich\/\",\"url\":\"https:\/\/www.perfectible.de\/index.php\/ueber-mich\/\",\"name\":\"\u00dcber mich - perfectible Dr. Andrea Klein\",\"isPartOf\":{\"@id\":\"https:\/\/www.perfectible.de\/#website\"},\"datePublished\":\"2020-04-25T16:00:57+00:00\",\"dateModified\":\"2023-02-10T10:47:05+00:00\",\"description\":\"Mein Ziel: Menschen in ihrer Entwicklung und ihrem Denken zu unterst\u00fctzen, so dass sie mit Freude wissenschaftlich arbeiten und forschen k\u00f6nnen.\",\"breadcrumb\":{\"@id\":\"https:\/\/www.perfectible.de\/index.php\/ueber-mich\/#breadcrumb\"},\"inLanguage\":\"de\",\"potentialAction\":[{\"@type\":\"ReadAction\",\"target\":[\"https:\/\/www.perfectible.de\/index.php\/ueber-mich\/\"]}]},{\"@type\":\"BreadcrumbList\",\"@id\":\"https:\/\/www.perfectible.de\/index.php\/ueber-mich\/#breadcrumb\",\"itemListElement\":[{\"@type\":\"ListItem\",\"position\":1,\"name\":\"Startseite\",\"item\":\"https:\/\/www.perfectible.de\/\"},{\"@type\":\"ListItem\",\"position\":2,\"name\":\"\u00dcber mich\"}]},{\"@type\":\"WebSite\",\"@id\":\"https:\/\/www.perfectible.de\/#website\",\"url\":\"https:\/\/www.perfectible.de\/\",\"name\":\"perfectible Dr. Andrea Klein\",\"description\":\"\",\"potentialAction\":[{\"@type\":\"SearchAction\",\"target\":{\"@type\":\"EntryPoint\",\"urlTemplate\":\"https:\/\/www.perfectible.de\/?s={search_term_string}\"},\"query-input\":\"required name=search_term_string\"}],\"inLanguage\":\"de\"}]}<\/script>\n<!-- \/ Yoast SEO plugin. -->","yoast_head_json":{"title":"\u00dcber mich - perfectible Dr. Andrea Klein","description":"Mein Ziel: Menschen in ihrer Entwicklung und ihrem Denken zu unterst\u00fctzen, so dass sie mit Freude wissenschaftlich arbeiten und forschen k\u00f6nnen.","robots":{"index":"index","follow":"follow","max-snippet":"max-snippet:-1","max-image-preview":"max-image-preview:large","max-video-preview":"max-video-preview:-1"},"canonical":"https:\/\/www.perfectible.de\/index.php\/ueber-mich\/","og_locale":"de_DE","og_type":"article","og_title":"\u00dcber mich - perfectible Dr. Andrea Klein","og_description":"Mein Ziel: Menschen in ihrer Entwicklung und ihrem Denken zu unterst\u00fctzen, so dass sie mit Freude wissenschaftlich arbeiten und forschen k\u00f6nnen.","og_url":"https:\/\/www.perfectible.de\/index.php\/ueber-mich\/","og_site_name":"perfectible Dr. Andrea Klein","article_modified_time":"2023-02-10T10:47:05+00:00","og_image":[{"url":"https:\/\/www.perfectible.de\/wp-content\/uploads\/2019\/01\/KleinAndrea50221-96-209x300.jpg"}],"twitter_card":"summary_large_image","twitter_misc":{"Gesch\u00e4tzte Lesezeit":"3\u00a0Minuten"},"schema":{"@context":"https:\/\/schema.org","@graph":[{"@type":"WebPage","@id":"https:\/\/www.perfectible.de\/index.php\/ueber-mich\/","url":"https:\/\/www.perfectible.de\/index.php\/ueber-mich\/","name":"\u00dcber mich - perfectible Dr. Andrea Klein","isPartOf":{"@id":"https:\/\/www.perfectible.de\/#website"},"datePublished":"2020-04-25T16:00:57+00:00","dateModified":"2023-02-10T10:47:05+00:00","description":"Mein Ziel: Menschen in ihrer Entwicklung und ihrem Denken zu unterst\u00fctzen, so dass sie mit Freude wissenschaftlich arbeiten und forschen k\u00f6nnen.","breadcrumb":{"@id":"https:\/\/www.perfectible.de\/index.php\/ueber-mich\/#breadcrumb"},"inLanguage":"de","potentialAction":[{"@type":"ReadAction","target":["https:\/\/www.perfectible.de\/index.php\/ueber-mich\/"]}]},{"@type":"BreadcrumbList","@id":"https:\/\/www.perfectible.de\/index.php\/ueber-mich\/#breadcrumb","itemListElement":[{"@type":"ListItem","position":1,"name":"Startseite","item":"https:\/\/www.perfectible.de\/"},{"@type":"ListItem","position":2,"name":"\u00dcber mich"}]},{"@type":"WebSite","@id":"https:\/\/www.perfectible.de\/#website","url":"https:\/\/www.perfectible.de\/","name":"perfectible Dr. Andrea Klein","description":"","potentialAction":[{"@type":"SearchAction","target":{"@type":"EntryPoint","urlTemplate":"https:\/\/www.perfectible.de\/?s={search_term_string}"},"query-input":"required name=search_term_string"}],"inLanguage":"de"}]}},"_links":{"self":[{"href":"https:\/\/www.perfectible.de\/index.php\/wp-json\/wp\/v2\/pages\/103"}],"collection":[{"href":"https:\/\/www.perfectible.de\/index.php\/wp-json\/wp\/v2\/pages"}],"about":[{"href":"https:\/\/www.perfectible.de\/index.php\/wp-json\/wp\/v2\/types\/page"}],"author":[{"embeddable":true,"href":"https:\/\/www.perfectible.de\/index.php\/wp-json\/wp\/v2\/users\/2"}],"replies":[{"embeddable":true,"href":"https:\/\/www.perfectible.de\/index.php\/wp-json\/wp\/v2\/comments?post=103"}],"version-history":[{"count":36,"href":"https:\/\/www.perfectible.de\/index.php\/wp-json\/wp\/v2\/pages\/103\/revisions"}],"predecessor-version":[{"id":1269,"href":"https:\/\/www.perfectible.de\/index.php\/wp-json\/wp\/v2\/pages\/103\/revisions\/1269"}],"wp:attachment":[{"href":"https:\/\/www.perfectible.de\/index.php\/wp-json\/wp\/v2\/media?parent=103"}],"curies":[{"name":"wp","href":"https:\/\/api.w.org\/{rel}","templated":true}]}}